Last updated on 2024-05-04 01:48:56 CEST.
Flavor | Version | Tinstall | Tcheck | Ttotal | Status | Flags |
---|---|---|---|---|---|---|
r-devel-linux-x86_64-debian-clang | 0.2.2 | 4.00 | 52.31 | 56.31 | OK | |
r-devel-linux-x86_64-fedora-clang | 0.2.2 | 67.20 | OK | |||
r-devel-linux-x86_64-fedora-gcc | 0.2.2 | 80.84 | OK | |||
r-devel-windows-x86_64 | 0.2.2 | 5.00 | 80.00 | 85.00 | OK | |
r-patched-linux-x86_64 | 0.2.2 | 2.81 | 48.95 | 51.76 | OK | |
r-release-linux-x86_64 | 0.2.2 | 3.06 | 50.23 | 53.29 | OK | |
r-release-macos-arm64 | 0.2.2 | 34.00 | OK | |||
r-release-windows-x86_64 | 0.2.2 | 4.00 | 54.00 | 58.00 | ERROR | |
r-oldrel-macos-arm64 | 0.2.2 | 35.00 | OK | |||
r-oldrel-macos-x86_64 | 0.2.2 | 49.00 | OK | |||
r-oldrel-windows-x86_64 | 0.2.2 | 5.00 | 73.00 | 78.00 | OK |
Version: 0.2.2
Check: re-building of vignette outputs
Result: ERROR
Error(s) in re-building vignettes:
--- re-building 'gallery.Rmd' using rmarkdown
Quitting from lines at lines 73-94 [unnamed-chunk-3] (gallery.Rmd)
Error: processing vignette 'gallery.Rmd' failed with diagnostics:
cannot open the connection to 'https://raw.githubusercontent.com/CSSEGISandData/COVID-19/master/csse_covid_19_data/csse_covid_19_time_series/time_series_covid19_deaths_global.csv'
--- failed re-building 'gallery.Rmd'
--- re-building 'introduction.Rmd' using rmarkdown
--- finished re-building 'introduction.Rmd'
--- re-building 'shiny.Rmd' using rmarkdown
--- finished re-building 'shiny.Rmd'
SUMMARY: processing the following file failed:
'gallery.Rmd'
Error: Vignette re-building failed.
Execution halted
Flavor: r-release-windows-x86_64
These binaries (installable software) and packages are in development.
They may not be fully stable and should be used with caution. We make no claims about them.