Last updated on 2024-05-04 01:48:56 CEST.
Flavor | Version | Tinstall | Tcheck | Ttotal | Status | Flags |
---|---|---|---|---|---|---|
r-devel-linux-x86_64-debian-clang | 1.0.0 | 3.23 | 33.28 | 36.51 | NOTE | |
r-devel-linux-x86_64-fedora-clang | 1.0.0 | 46.55 | NOTE | |||
r-devel-linux-x86_64-fedora-gcc | 1.0.0 | 44.50 | NOTE | |||
r-devel-windows-x86_64 | 1.0.0 | 4.00 | 55.00 | 59.00 | NOTE | |
r-patched-linux-x86_64 | 1.0.0 | 3.84 | 32.67 | 36.51 | NOTE | |
r-release-linux-x86_64 | 1.0.0 | 2.47 | 31.88 | 34.35 | NOTE | |
r-release-macos-arm64 | 1.0.0 | 18.00 | NOTE | |||
r-release-windows-x86_64 | 1.0.0 | 5.00 | 54.00 | 59.00 | NOTE | |
r-oldrel-macos-arm64 | 1.0.0 | 20.00 | NOTE | |||
r-oldrel-macos-x86_64 | 1.0.0 | 25.00 | NOTE | |||
r-oldrel-windows-x86_64 | 1.0.0 | 5.00 | 56.00 | 61.00 | NOTE |
Version: 1.0.0
Check: LazyData
Result: NOTE
'LazyData' is specified without a 'data' directory
Flavors: r-devel-linux-x86_64-debian-clang, r-devel-linux-x86_64-fedora-clang, r-devel-linux-x86_64-fedora-gcc, r-devel-windows-x86_64, r-patched-linux-x86_64, r-release-linux-x86_64, r-release-macos-arm64, r-release-windows-x86_64, r-oldrel-macos-arm64, r-oldrel-macos-x86_64, r-oldrel-windows-x86_64
Version: 1.0.0
Check: dependencies in R code
Result: NOTE
Namespace in Imports field not imported from: ‘progress’
All declared Imports should be used.
Flavors: r-devel-linux-x86_64-fedora-clang, r-devel-linux-x86_64-fedora-gcc
These binaries (installable software) and packages are in development.
They may not be fully stable and should be used with caution. We make no claims about them.