Last updated on 2024-05-04 01:48:56 CEST.
Flavor | Version | Tinstall | Tcheck | Ttotal | Status | Flags |
---|---|---|---|---|---|---|
r-devel-linux-x86_64-debian-clang | 2.5.1 | 26.75 | 480.50 | 507.25 | OK | |
r-devel-linux-x86_64-fedora-clang | 2.5.1 | 621.28 | NOTE | |||
r-devel-linux-x86_64-fedora-gcc | 2.5.1 | 648.13 | OK | |||
r-devel-windows-x86_64 | 2.5.1 | 27.00 | 340.00 | 367.00 | NOTE | |
r-patched-linux-x86_64 | 2.5.1 | 19.78 | 464.20 | 483.98 | OK | |
r-release-linux-x86_64 | 2.5.1 | 16.17 | 463.40 | 479.57 | OK | |
r-release-macos-arm64 | 2.5.1 | 139.00 | NOTE | |||
r-release-windows-x86_64 | 2.5.1 | 23.00 | 344.00 | 367.00 | NOTE | |
r-oldrel-macos-arm64 | 2.5.1 | 157.00 | NOTE | |||
r-oldrel-macos-x86_64 | 2.5.1 | 413.00 | NOTE | |||
r-oldrel-windows-x86_64 | 2.5.1 | 32.00 | 451.00 | 483.00 | NOTE |
Version: 2.5.1
Check: installed package size
Result: NOTE
installed size is 17.5Mb
sub-directories of 1Mb or more:
doc 15.2Mb
Flavors: r-devel-linux-x86_64-fedora-clang, r-devel-windows-x86_64, r-release-macos-arm64, r-release-windows-x86_64, r-oldrel-macos-arm64, r-oldrel-macos-x86_64, r-oldrel-windows-x86_64
These binaries (installable software) and packages are in development.
They may not be fully stable and should be used with caution. We make no claims about them.