CRAN Package Check Results for Package ropensecretsapi

Last updated on 2025-10-23 21:51:39 CEST.

Flavor Version Tinstall Tcheck Ttotal Status Flags
r-devel-linux-x86_64-debian-clang 1.0.1 1.94 25.68 27.62 NOTE
r-devel-linux-x86_64-debian-gcc 1.0.1 1.56 21.19 22.75 NOTE
r-devel-linux-x86_64-fedora-clang 1.0.1 41.40 OK
r-devel-linux-x86_64-fedora-gcc 1.0.1 38.67 OK
r-devel-windows-x86_64 1.0.1 3.00 44.00 47.00 OK
r-patched-linux-x86_64 1.0.1 2.57 24.34 26.91 OK
r-release-linux-x86_64 1.0.1 2.39 24.48 26.87 OK
r-release-macos-arm64 1.0.1 1.00 17.00 18.00 OK
r-release-macos-x86_64 1.0.1 2.00 27.00 29.00 OK
r-release-windows-x86_64 1.0.1 4.00 50.00 54.00 OK
r-oldrel-macos-arm64 1.0.1 1.00 16.00 17.00 OK
r-oldrel-macos-x86_64 1.0.1 2.00 22.00 24.00 OK
r-oldrel-windows-x86_64 1.0.1 4.00 52.00 56.00 OK

Check Details

Version: 1.0.1
Check: CRAN incoming feasibility
Result: NOTE Maintainer: ‘Thomas P. Fuller <thomas.fuller@coherentlogic.com>’ No Authors@R field in DESCRIPTION. Please add one, modifying Authors@R: person(given = c("Thomas", "P."), family = "Fuller", role = c("aut", "cre"), email = "thomas.fuller@coherentlogic.com") as necessary. Flavors: r-devel-linux-x86_64-debian-clang, r-devel-linux-x86_64-debian-gcc

These binaries (installable software) and packages are in development.
They may not be fully stable and should be used with caution. We make no claims about them.