Last updated on 2024-05-04 01:48:56 CEST.
Flavor | Version | Tinstall | Tcheck | Ttotal | Status | Flags |
---|---|---|---|---|---|---|
r-devel-linux-x86_64-debian-clang | 1.0.0 | 3.92 | 41.37 | 45.29 | OK | |
r-devel-linux-x86_64-fedora-clang | 1.0.0 | 56.10 | NOTE | |||
r-devel-linux-x86_64-fedora-gcc | 1.0.0 | 54.52 | OK | |||
r-devel-windows-x86_64 | 1.0.0 | 6.00 | 54.00 | 60.00 | OK | |
r-patched-linux-x86_64 | 1.0.0 | 3.80 | 39.22 | 43.02 | OK | |
r-release-linux-x86_64 | 1.0.0 | 3.28 | 38.81 | 42.09 | OK | |
r-release-macos-arm64 | 1.0.0 | 19.00 | OK | |||
r-release-windows-x86_64 | 1.0.0 | 6.00 | 51.00 | 57.00 | OK | |
r-oldrel-macos-arm64 | 1.0.0 | 23.00 | OK | |||
r-oldrel-macos-x86_64 | 1.0.0 | 42.00 | OK | |||
r-oldrel-windows-x86_64 | 1.0.0 | 6.00 | 56.00 | 62.00 | OK |
Version: 1.0.0
Check: Rd cross-references
Result: NOTE
Undeclared package ‘devtools’ in Rd xrefs
Flavor: r-devel-linux-x86_64-fedora-clang
These binaries (installable software) and packages are in development.
They may not be fully stable and should be used with caution. We make no claims about them.