Last updated on 2025-10-24 01:50:39 CEST.
| Flavor | Version | Tinstall | Tcheck | Ttotal | Status | Flags |
|---|---|---|---|---|---|---|
| r-devel-linux-x86_64-debian-clang | 0.5.1 | 4.12 | 39.45 | 43.57 | NOTE | |
| r-devel-linux-x86_64-debian-gcc | 0.5.1 | 3.05 | 29.15 | 32.20 | NOTE | |
| r-devel-linux-x86_64-fedora-clang | 0.5.1 | 63.12 | OK | |||
| r-devel-linux-x86_64-fedora-gcc | 0.5.1 | 13.00 | 46.12 | 59.12 | OK | |
| r-devel-windows-x86_64 | 0.5.1 | 6.00 | 61.00 | 67.00 | OK | |
| r-patched-linux-x86_64 | 0.5.1 | 4.34 | 37.07 | 41.41 | OK | |
| r-release-linux-x86_64 | 0.5.1 | 4.47 | 36.35 | 40.82 | OK | |
| r-release-macos-arm64 | 0.5.1 | 2.00 | 27.00 | 29.00 | OK | |
| r-release-macos-x86_64 | 0.5.1 | 4.00 | 41.00 | 45.00 | OK | |
| r-release-windows-x86_64 | 0.5.1 | 6.00 | 63.00 | 69.00 | OK | |
| r-oldrel-macos-arm64 | 0.5.1 | 2.00 | 21.00 | 23.00 | OK | |
| r-oldrel-macos-x86_64 | 0.5.1 | 3.00 | 40.00 | 43.00 | OK | |
| r-oldrel-windows-x86_64 | 0.5.1 | 7.00 | 71.00 | 78.00 | OK |
Version: 0.5.1
Check: CRAN incoming feasibility
Result: NOTE
Maintainer: ‘Zhiyong Zhang <zhiyongzhang@nd.edu>’
No Authors@R field in DESCRIPTION.
Please add one, modifying
Authors@R: c(person(given = "Ke-Hai",
family = "Yuan",
role = "aut"),
person(given = "Zhiyong",
family = "Zhang",
role = c("aut", "cre"),
email = "zhiyongzhang@nd.edu"))
as necessary.
Flavors: r-devel-linux-x86_64-debian-clang, r-devel-linux-x86_64-debian-gcc
Version: 0.5.1
Check: HTML version of manual
Result: NOTE
Found the following HTML validation problems:
rsem.index.html:52:1 (rsem.index.Rd:15): Warning: missing </ul> before </div>
rsem.indexv.html:52:1 (rsem.indexv.Rd:15): Warning: missing </ul> before </div>
rsem.indexvc.html:52:1 (rsem.indexvc.Rd:15): Warning: missing </ul> before </div>
rsem.switch.html:48:1 (rsem.switch.Rd:14): Warning: missing </ul> before </div>
semdiag.combinations.html:49:1 (semdiag.combinations.Rd:13): Warning: missing </ul> before </div>
Flavor: r-devel-linux-x86_64-debian-clang
These binaries (installable software) and packages are in development.
They may not be fully stable and should be used with caution. We make no claims about them.