Last updated on 2024-07-03 21:51:47 CEST.
Flavor | Version | Tinstall | Tcheck | Ttotal | Status | Flags |
---|---|---|---|---|---|---|
r-devel-linux-x86_64-debian-clang | 0.1 | 110.33 | 102.19 | 212.52 | OK | |
r-devel-linux-x86_64-debian-gcc | 0.1 | 88.25 | 79.91 | 168.16 | OK | |
r-devel-linux-x86_64-fedora-clang | 0.1 | 263.31 | OK | |||
r-devel-linux-x86_64-fedora-gcc | 0.1 | 335.79 | OK | |||
r-devel-windows-x86_64 | 0.1 | 82.00 | 114.00 | 196.00 | OK | |
r-patched-linux-x86_64 | 0.1 | 70.19 | 102.71 | 172.90 | OK | |
r-release-linux-x86_64 | 0.1 | 76.09 | 103.64 | 179.73 | OK | |
r-release-macos-arm64 | 0.1 | 72.00 | NOTE | |||
r-release-macos-x86_64 | 0.1 | 206.00 | NOTE | |||
r-release-windows-x86_64 | 0.1 | 82.00 | 111.00 | 193.00 | OK | |
r-oldrel-macos-arm64 | 0.1 | 74.00 | NOTE | |||
r-oldrel-macos-x86_64 | 0.1 | 166.00 | NOTE | |||
r-oldrel-windows-x86_64 | 0.1 | 107.00 | 133.00 | 240.00 | OK |
Version: 0.1
Check: installed package size
Result: NOTE
installed size is 23.8Mb
sub-directories of 1Mb or more:
libs 23.6Mb
Flavors: r-release-macos-arm64, r-release-macos-x86_64, r-oldrel-macos-arm64, r-oldrel-macos-x86_64
These binaries (installable software) and packages are in development.
They may not be fully stable and should be used with caution. We make no claims about them.