Last updated on 2024-05-04 01:48:57 CEST.
Flavor | Version | Tinstall | Tcheck | Ttotal | Status | Flags |
---|---|---|---|---|---|---|
r-devel-linux-x86_64-debian-clang | 1.6.3 | 323.20 | 208.00 | 531.20 | OK | |
r-devel-linux-x86_64-fedora-clang | 1.6.3 | 669.67 | NOTE | |||
r-devel-linux-x86_64-fedora-gcc | 1.6.3 | 654.17 | OK | |||
r-devel-windows-x86_64 | 1.6.3 | 224.00 | 238.00 | 462.00 | NOTE | |
r-patched-linux-x86_64 | 1.6.3 | 287.12 | 191.65 | 478.77 | OK | |
r-release-linux-x86_64 | 1.6.3 | 285.88 | 191.81 | 477.69 | OK | |
r-release-macos-arm64 | 1.6.3 | 169.00 | NOTE | |||
r-release-windows-x86_64 | 1.6.3 | 217.00 | 242.00 | 459.00 | NOTE | |
r-oldrel-macos-arm64 | 1.6.3 | 170.00 | NOTE | |||
r-oldrel-macos-x86_64 | 1.6.3 | 291.00 | NOTE | |||
r-oldrel-windows-x86_64 | 1.6.3 | 275.00 | 272.00 | 547.00 | NOTE |
Version: 1.6.3
Check: installed package size
Result: NOTE
installed size is 18.1Mb
sub-directories of 1Mb or more:
libs 2.2Mb
Flavors: r-devel-linux-x86_64-fedora-clang, r-devel-windows-x86_64, r-release-macos-arm64, r-release-windows-x86_64, r-oldrel-macos-arm64, r-oldrel-macos-x86_64, r-oldrel-windows-x86_64
These binaries (installable software) and packages are in development.
They may not be fully stable and should be used with caution. We make no claims about them.