CRAN Package Check Results for Package rsvddpd

Last updated on 2025-07-11 09:50:17 CEST.

Flavor Version Tinstall Tcheck Ttotal Status Flags
r-devel-linux-x86_64-debian-clang 1.0.0 23.73 31.68 55.41 NOTE
r-devel-linux-x86_64-debian-gcc 1.0.0 17.08 25.85 42.93 NOTE
r-devel-linux-x86_64-fedora-clang 1.0.0 94.51 NOTE
r-devel-linux-x86_64-fedora-gcc 1.0.0 107.31 NOTE
r-devel-windows-x86_64 1.0.0 27.00 68.00 95.00 NOTE
r-patched-linux-x86_64 1.0.0 24.24 29.27 53.51 NOTE
r-release-linux-x86_64 1.0.0 20.89 29.26 50.15 NOTE
r-release-macos-arm64 1.0.0 46.00 NOTE
r-release-macos-x86_64 1.0.0 65.00 NOTE
r-release-windows-x86_64 1.0.0 28.00 70.00 98.00 NOTE
r-oldrel-macos-arm64 1.0.0 36.00 NOTE
r-oldrel-macos-x86_64 1.0.0 51.00 NOTE
r-oldrel-windows-x86_64 1.0.0 32.00 82.00 114.00 NOTE

Check Details

Version: 1.0.0
Check: CRAN incoming feasibility
Result: NOTE Maintainer: ‘Subhrajyoty Roy <subhrajyotyroy@gmail.com>’ The Description field contains using density power divergence (<arXiv:2109.10680>). It combines the Please refer to arXiv e-prints via their arXiv DOI <doi:10.48550/arXiv.YYMM.NNNNN>. Flavors: r-devel-linux-x86_64-debian-clang, r-devel-linux-x86_64-debian-gcc

Version: 1.0.0
Check: C++ specification
Result: NOTE Specified C++11: please drop specification unless essential Flavors: r-devel-linux-x86_64-debian-clang, r-devel-linux-x86_64-debian-gcc, r-devel-linux-x86_64-fedora-clang, r-devel-linux-x86_64-fedora-gcc, r-devel-windows-x86_64, r-patched-linux-x86_64, r-release-linux-x86_64, r-release-macos-arm64, r-release-macos-x86_64, r-release-windows-x86_64, r-oldrel-macos-arm64, r-oldrel-macos-x86_64, r-oldrel-windows-x86_64

These binaries (installable software) and packages are in development.
They may not be fully stable and should be used with caution. We make no claims about them.