Last updated on 2024-05-04 01:48:57 CEST.
Flavor | Version | Tinstall | Tcheck | Ttotal | Status | Flags |
---|---|---|---|---|---|---|
r-devel-linux-x86_64-debian-clang | 0.3.4 | 116.46 | 208.10 | 324.56 | NOTE | |
r-devel-linux-x86_64-fedora-clang | 0.3.4 | 450.92 | NOTE | |||
r-devel-linux-x86_64-fedora-gcc | 0.3.4 | 467.50 | NOTE | |||
r-devel-windows-x86_64 | 0.3.4 | 94.00 | 209.00 | 303.00 | NOTE | |
r-patched-linux-x86_64 | 0.3.4 | 109.13 | 210.64 | 319.77 | NOTE | |
r-release-linux-x86_64 | 0.3.4 | 73.07 | 205.98 | 279.05 | NOTE | |
r-release-macos-arm64 | 0.3.4 | 114.00 | NOTE | |||
r-release-macos-x86_64 | 0.3.4 | 215.00 | NOTE | |||
r-release-windows-x86_64 | 0.3.4 | 90.00 | 208.00 | 298.00 | NOTE | |
r-oldrel-macos-arm64 | 0.3.4 | 133.00 | NOTE | |||
r-oldrel-macos-x86_64 | 0.3.4 | 220.00 | NOTE | |||
r-oldrel-windows-x86_64 | 0.3.4 | 110.00 | 240.00 | 350.00 | NOTE |
Version: 0.3.4
Check: for GNU extensions in Makefiles
Result: NOTE
GNU make is a SystemRequirements.
Flavors: r-devel-linux-x86_64-debian-clang, r-devel-linux-x86_64-fedora-clang, r-devel-linux-x86_64-fedora-gcc, r-devel-windows-x86_64, r-patched-linux-x86_64, r-release-linux-x86_64, r-release-macos-arm64, r-release-macos-x86_64, r-release-windows-x86_64, r-oldrel-macos-arm64, r-oldrel-macos-x86_64, r-oldrel-windows-x86_64
These binaries (installable software) and packages are in development.
They may not be fully stable and should be used with caution. We make no claims about them.