Last updated on 2024-05-04 01:48:57 CEST.
Flavor | Version | Tinstall | Tcheck | Ttotal | Status | Flags |
---|---|---|---|---|---|---|
r-devel-linux-x86_64-debian-clang | 1.5-1 | 110.19 | 384.18 | 494.37 | OK | |
r-devel-linux-x86_64-fedora-clang | 1.5-1 | 599.82 | NOTE | |||
r-devel-linux-x86_64-fedora-gcc | 1.5-1 | 577.64 | OK | |||
r-devel-windows-x86_64 | 1.5-1 | 84.00 | 270.00 | 354.00 | NOTE | |
r-patched-linux-x86_64 | 1.5-1 | 100.21 | 359.60 | 459.81 | OK | |
r-release-linux-x86_64 | 1.5-1 | 73.77 | 342.41 | 416.18 | OK | |
r-release-macos-arm64 | 1.5-1 | 130.00 | NOTE | |||
r-release-windows-x86_64 | 1.5-1 | 85.00 | 268.00 | 353.00 | NOTE | |
r-oldrel-macos-arm64 | 1.5-1 | 132.00 | NOTE | |||
r-oldrel-macos-x86_64 | 1.5-1 | 370.00 | NOTE | |||
r-oldrel-windows-x86_64 | 1.5-1 | 113.00 | 348.00 | 461.00 | NOTE |
Version: 1.5-1
Check: installed package size
Result: NOTE
installed size is 7.5Mb
sub-directories of 1Mb or more:
R 3.0Mb
libs 2.1Mb
Flavors: r-devel-linux-x86_64-fedora-clang, r-devel-windows-x86_64, r-release-macos-arm64, r-release-windows-x86_64, r-oldrel-macos-arm64, r-oldrel-macos-x86_64, r-oldrel-windows-x86_64
These binaries (installable software) and packages are in development.
They may not be fully stable and should be used with caution. We make no claims about them.