Last updated on 2024-05-04 01:48:57 CEST.
Flavor | Version | Tinstall | Tcheck | Ttotal | Status | Flags |
---|---|---|---|---|---|---|
r-devel-linux-x86_64-debian-clang | 0.3.2 | 256.90 | 409.42 | 666.32 | OK | |
r-devel-linux-x86_64-fedora-clang | 0.3.2 | 865.05 | OK | |||
r-devel-linux-x86_64-fedora-gcc | 0.3.2 | 943.18 | OK | |||
r-devel-windows-x86_64 | 0.3.2 | 189.00 | 344.00 | 533.00 | NOTE | |
r-patched-linux-x86_64 | 0.3.2 | 251.32 | 463.21 | 714.53 | OK | |
r-release-linux-x86_64 | 0.3.2 | 246.74 | 461.32 | 708.06 | OK | |
r-release-macos-arm64 | 0.3.2 | 204.00 | NOTE | |||
r-release-macos-x86_64 | 0.3.2 | 450.00 | NOTE | |||
r-release-windows-x86_64 | 0.3.2 | 185.00 | 343.00 | 528.00 | NOTE | |
r-oldrel-macos-arm64 | 0.3.2 | 324.00 | NOTE | |||
r-oldrel-macos-x86_64 | 0.3.2 | 607.00 | NOTE | |||
r-oldrel-windows-x86_64 | 0.3.2 | 176.00 | 365.00 | 541.00 | NOTE |
Version: 0.3.2
Check: installed package size
Result: NOTE
installed size is 5.7Mb
sub-directories of 1Mb or more:
data 3.8Mb
libs 1.4Mb
Flavors: r-devel-windows-x86_64, r-release-macos-arm64, r-release-macos-x86_64, r-release-windows-x86_64, r-oldrel-macos-arm64, r-oldrel-macos-x86_64, r-oldrel-windows-x86_64
These binaries (installable software) and packages are in development.
They may not be fully stable and should be used with caution. We make no claims about them.