Last updated on 2024-05-04 01:48:57 CEST.
Flavor | Version | Tinstall | Tcheck | Ttotal | Status | Flags |
---|---|---|---|---|---|---|
r-devel-linux-x86_64-debian-clang | 2.0.13 | 106.96 | 44.26 | 151.22 | OK | |
r-devel-linux-x86_64-fedora-clang | 2.0.13 | 209.14 | OK | |||
r-devel-linux-x86_64-fedora-gcc | 2.0.13 | 220.69 | OK | |||
r-devel-windows-x86_64 | 2.0.13 | 95.00 | 93.00 | 188.00 | OK | |
r-patched-linux-x86_64 | 2.0.13 | 95.76 | 43.87 | 139.63 | OK | |
r-release-linux-x86_64 | 2.0.13 | 102.10 | 43.06 | 145.16 | OK | |
r-release-macos-arm64 | 2.0.13 | 52.00 | NOTE | |||
r-release-macos-x86_64 | 2.0.13 | 97.00 | NOTE | |||
r-release-windows-x86_64 | 2.0.13 | 90.00 | 90.00 | 180.00 | OK | |
r-oldrel-macos-arm64 | 2.0.13 | 55.00 | NOTE | |||
r-oldrel-macos-x86_64 | 2.0.13 | 79.00 | NOTE | |||
r-oldrel-windows-x86_64 | 2.0.13 | 111.00 | 99.00 | 210.00 | OK |
Version: 2.0.13
Check: installed package size
Result: NOTE
installed size is 6.8Mb
sub-directories of 1Mb or more:
libs 6.6Mb
Flavors: r-release-macos-arm64, r-release-macos-x86_64, r-oldrel-macos-arm64, r-oldrel-macos-x86_64
These binaries (installable software) and packages are in development.
They may not be fully stable and should be used with caution. We make no claims about them.