Last updated on 2024-05-04 01:48:57 CEST.
Flavor | Version | Tinstall | Tcheck | Ttotal | Status | Flags |
---|---|---|---|---|---|---|
r-devel-linux-x86_64-debian-clang | 3.6.2 | 11.40 | 84.95 | 96.35 | OK | |
r-devel-linux-x86_64-fedora-clang | 3.6.2 | 119.53 | NOTE | |||
r-devel-linux-x86_64-fedora-gcc | 3.6.2 | 128.86 | OK | |||
r-devel-windows-x86_64 | 3.6.2 | 12.00 | 87.00 | 99.00 | OK | |
r-patched-linux-x86_64 | 3.6.2 | 9.50 | 80.14 | 89.64 | OK | |
r-release-linux-x86_64 | 3.6.2 | 6.98 | 78.28 | 85.26 | OK | |
r-release-macos-arm64 | 3.6.2 | 72.00 | OK | |||
r-release-windows-x86_64 | 3.6.2 | 10.00 | 86.00 | 96.00 | OK | |
r-oldrel-macos-arm64 | 3.6.2 | 67.00 | OK | |||
r-oldrel-macos-x86_64 | 3.6.2 | 82.00 | OK | |||
r-oldrel-windows-x86_64 | 3.6.2 | 14.00 | 96.00 | 110.00 | OK |
Version: 3.6.2
Check: Rd cross-references
Result: NOTE
Undeclared package ‘rym’ in Rd xrefs
Flavor: r-devel-linux-x86_64-fedora-clang
These binaries (installable software) and packages are in development.
They may not be fully stable and should be used with caution. We make no claims about them.