Last updated on 2024-05-04 01:48:57 CEST.
Flavor | Version | Tinstall | Tcheck | Ttotal | Status | Flags |
---|---|---|---|---|---|---|
r-devel-linux-x86_64-debian-clang | 0.3.0 | 6.81 | 51.39 | 58.20 | OK | |
r-devel-linux-x86_64-fedora-clang | 0.3.0 | 74.88 | NOTE | |||
r-devel-linux-x86_64-fedora-gcc | 0.3.0 | 71.17 | OK | |||
r-devel-windows-x86_64 | 0.3.0 | 8.00 | 61.00 | 69.00 | OK | |
r-patched-linux-x86_64 | 0.3.0 | 6.14 | 49.18 | 55.32 | OK | |
r-release-linux-x86_64 | 0.3.0 | 3.70 | 48.67 | 52.37 | OK | |
r-release-macos-arm64 | 0.3.0 | 28.00 | OK | |||
r-release-windows-x86_64 | 0.3.0 | 7.00 | 61.00 | 68.00 | OK | |
r-oldrel-macos-arm64 | 0.3.0 | 24.00 | OK | |||
r-oldrel-macos-x86_64 | 0.3.0 | 39.00 | OK | |||
r-oldrel-windows-x86_64 | 0.3.0 | 8.00 | 66.00 | 74.00 | OK |
Version: 0.3.0
Check: Rd cross-references
Result: NOTE
Undeclared package ‘jsonlite’ in Rd xrefs
Flavor: r-devel-linux-x86_64-fedora-clang
These binaries (installable software) and packages are in development.
They may not be fully stable and should be used with caution. We make no claims about them.