Last updated on 2025-10-24 05:50:56 CEST.
| Flavor | Version | Tinstall | Tcheck | Ttotal | Status | Flags |
|---|---|---|---|---|---|---|
| r-devel-linux-x86_64-debian-clang | 0.1.2 | 4.18 | 54.64 | 58.82 | NOTE | |
| r-devel-linux-x86_64-debian-gcc | 0.1.2 | 3.37 | 37.57 | 40.94 | NOTE | |
| r-devel-linux-x86_64-fedora-clang | 0.1.2 | 90.90 | NOTE | |||
| r-devel-linux-x86_64-fedora-gcc | 0.1.2 | 89.55 | NOTE | |||
| r-devel-windows-x86_64 | 0.1.2 | 6.00 | 67.00 | 73.00 | OK | |
| r-patched-linux-x86_64 | 0.1.2 | 4.54 | 51.13 | 55.67 | OK | |
| r-release-linux-x86_64 | 0.1.2 | 4.65 | 50.28 | 54.93 | OK | |
| r-release-macos-arm64 | 0.1.2 | 2.00 | 28.00 | 30.00 | OK | |
| r-release-macos-x86_64 | 0.1.2 | 4.00 | 53.00 | 57.00 | OK | |
| r-release-windows-x86_64 | 0.1.2 | 6.00 | 69.00 | 75.00 | OK | |
| r-oldrel-macos-arm64 | 0.1.2 | 2.00 | 26.00 | 28.00 | NOTE | |
| r-oldrel-macos-x86_64 | 0.1.2 | 3.00 | 39.00 | 42.00 | NOTE | |
| r-oldrel-windows-x86_64 | 0.1.2 | 8.00 | 84.00 | 92.00 | NOTE |
Version: 0.1.2
Check: CRAN incoming feasibility
Result: NOTE
Maintainer: ‘Collin Erickson <collinberickson@gmail.com>’
No Authors@R field in DESCRIPTION.
Please add one, modifying
Authors@R: person(given = "Collin",
family = "Erickson",
role = c("aut", "cre"),
email = "collinberickson@gmail.com")
as necessary.
Flavors: r-devel-linux-x86_64-debian-clang, r-devel-linux-x86_64-debian-gcc
Version: 0.1.2
Check: dependencies in R code
Result: NOTE
Namespace in Imports field not imported from: ‘R6’
All declared Imports should be used.
Flavors: r-devel-linux-x86_64-fedora-clang, r-devel-linux-x86_64-fedora-gcc
Version: 0.1.2
Check: LazyData
Result: NOTE
'LazyData' is specified without a 'data' directory
Flavors: r-oldrel-macos-arm64, r-oldrel-macos-x86_64, r-oldrel-windows-x86_64
These binaries (installable software) and packages are in development.
They may not be fully stable and should be used with caution. We make no claims about them.