Last updated on 2024-05-04 01:48:58 CEST.
Flavor | Version | Tinstall | Tcheck | Ttotal | Status | Flags |
---|---|---|---|---|---|---|
r-devel-linux-x86_64-debian-clang | 3.2.1 | 233.57 | 478.67 | 712.24 | OK | |
r-devel-linux-x86_64-fedora-clang | 3.2.1 | 867.04 | OK | |||
r-devel-linux-x86_64-fedora-gcc | 3.2.1 | 923.80 | OK | |||
r-devel-windows-x86_64 | 3.2.1 | 164.00 | 320.00 | 484.00 | OK | |
r-patched-linux-x86_64 | 3.2.1 | 228.01 | 456.28 | 684.29 | OK | |
r-release-linux-x86_64 | 3.2.1 | 229.87 | 457.53 | 687.40 | OK | |
r-release-macos-arm64 | 3.2.1 | 197.00 | NOTE | |||
r-release-windows-x86_64 | 3.2.1 | 166.00 | 316.00 | 482.00 | OK | |
r-oldrel-macos-arm64 | 3.2.1 | 209.00 | NOTE | |||
r-oldrel-macos-x86_64 | 3.2.1 | 542.00 | NOTE | |||
r-oldrel-windows-x86_64 | 3.2.1 | 213.00 | 448.00 | 661.00 | OK |
Version: 3.2.1
Check: installed package size
Result: NOTE
installed size is 16.2Mb
sub-directories of 1Mb or more:
libs 15.1Mb
Flavors: r-release-macos-arm64, r-oldrel-macos-arm64, r-oldrel-macos-x86_64
These binaries (installable software) and packages are in development.
They may not be fully stable and should be used with caution. We make no claims about them.