Last updated on 2024-05-04 01:48:58 CEST.
Flavor | Version | Tinstall | Tcheck | Ttotal | Status | Flags |
---|---|---|---|---|---|---|
r-devel-linux-x86_64-debian-clang | 0.0.2 | 243.87 | 69.58 | 313.45 | OK | |
r-devel-linux-x86_64-fedora-clang | 0.0.2 | 414.13 | OK | |||
r-devel-linux-x86_64-fedora-gcc | 0.0.2 | 501.76 | OK | |||
r-devel-windows-x86_64 | 0.0.2 | 175.00 | 97.00 | 272.00 | OK | |
r-patched-linux-x86_64 | 0.0.2 | 260.92 | 82.39 | 343.31 | OK | |
r-release-linux-x86_64 | 0.0.2 | 264.03 | 80.70 | 344.73 | OK | |
r-release-macos-arm64 | 0.0.2 | 94.00 | NOTE | |||
r-release-windows-x86_64 | 0.0.2 | 172.00 | 95.00 | 267.00 | OK | |
r-oldrel-macos-arm64 | 0.0.2 | 101.00 | NOTE | |||
r-oldrel-macos-x86_64 | 0.0.2 | 112.00 | NOTE | |||
r-oldrel-windows-x86_64 | 0.0.2 | 216.00 | 118.00 | 334.00 | OK |
Version: 0.0.2
Check: installed package size
Result: NOTE
installed size is 53.6Mb
sub-directories of 1Mb or more:
libs 53.5Mb
Flavors: r-release-macos-arm64, r-oldrel-macos-arm64, r-oldrel-macos-x86_64
These binaries (installable software) and packages are in development.
They may not be fully stable and should be used with caution. We make no claims about them.