Last updated on 2024-05-04 01:48:58 CEST.
Flavor | Version | Tinstall | Tcheck | Ttotal | Status | Flags |
---|---|---|---|---|---|---|
r-devel-linux-x86_64-debian-clang | 1.2.4 | 8.70 | 240.49 | 249.19 | OK | |
r-devel-linux-x86_64-fedora-clang | 1.2.4 | 320.22 | OK | |||
r-devel-linux-x86_64-fedora-gcc | 1.2.4 | 315.94 | OK | |||
r-devel-windows-x86_64 | 1.2.4 | 9.00 | 166.00 | 175.00 | OK | |
r-patched-linux-x86_64 | 1.2.4 | 8.81 | 222.04 | 230.85 | OK | |
r-release-linux-x86_64 | 1.2.4 | 7.96 | 229.19 | 237.15 | OK | |
r-release-macos-arm64 | 1.2.4 | 86.00 | OK | |||
r-release-macos-x86_64 | 1.2.4 | 205.00 | OK | |||
r-release-windows-x86_64 | 1.2.4 | 10.00 | 166.00 | 176.00 | OK | |
r-oldrel-macos-arm64 | 1.2.4 | 10.00 | ERROR | |||
r-oldrel-macos-x86_64 | 1.2.4 | 8.00 | ERROR | |||
r-oldrel-windows-x86_64 | 1.2.4 | 11.00 | 214.00 | 225.00 | OK |
Version: 1.2.4
Check: package dependencies
Result: ERROR
Package required and available but unsuitable version: ‘pcaMethods’
See section ‘The DESCRIPTION file’ in the ‘Writing R Extensions’
manual.
Flavors: r-oldrel-macos-arm64, r-oldrel-macos-x86_64
These binaries (installable software) and packages are in development.
They may not be fully stable and should be used with caution. We make no claims about them.