Last updated on 2024-05-04 01:48:58 CEST.
Flavor | Version | Tinstall | Tcheck | Ttotal | Status | Flags |
---|---|---|---|---|---|---|
r-devel-linux-x86_64-debian-clang | 1.0.0 | 49.85 | 202.50 | 252.35 | NOTE | |
r-devel-linux-x86_64-fedora-clang | 1.0.0 | 321.28 | NOTE | |||
r-devel-linux-x86_64-fedora-gcc | 1.0.0 | 318.75 | NOTE | |||
r-devel-windows-x86_64 | 1.0.0 | 41.00 | 153.00 | 194.00 | OK | |
r-patched-linux-x86_64 | 1.0.0 | 41.08 | 188.28 | 229.36 | NOTE | |
r-release-linux-x86_64 | 1.0.0 | 44.08 | 184.29 | 228.37 | NOTE | |
r-release-macos-arm64 | 1.0.0 | 66.00 | NOTE | |||
r-release-windows-x86_64 | 1.0.0 | 41.00 | 155.00 | 196.00 | OK | |
r-oldrel-macos-arm64 | 1.0.0 | 82.00 | NOTE | |||
r-oldrel-macos-x86_64 | 1.0.0 | 141.00 | NOTE | |||
r-oldrel-windows-x86_64 | 1.0.0 | 51.00 | 205.00 | 256.00 | OK |
Version: 1.0.0
Check: C++ specification
Result: NOTE
Specified C++11: please drop specification unless essential
Flavors: r-devel-linux-x86_64-debian-clang, r-devel-linux-x86_64-fedora-clang, r-devel-linux-x86_64-fedora-gcc, r-patched-linux-x86_64, r-release-linux-x86_64, r-release-macos-arm64, r-oldrel-macos-arm64, r-oldrel-macos-x86_64
These binaries (installable software) and packages are in development.
They may not be fully stable and should be used with caution. We make no claims about them.