Last updated on 2024-05-04 01:48:58 CEST.
Flavor | Version | Tinstall | Tcheck | Ttotal | Status | Flags |
---|---|---|---|---|---|---|
r-devel-linux-x86_64-debian-clang | 0.5.0 | 144.62 | 174.70 | 319.32 | NOTE | |
r-devel-linux-x86_64-fedora-clang | 0.5.0 | 428.47 | NOTE | |||
r-devel-linux-x86_64-fedora-gcc | 0.5.0 | 423.55 | NOTE | |||
r-devel-windows-x86_64 | 0.5.0 | 96.00 | 161.00 | 257.00 | NOTE | |
r-patched-linux-x86_64 | 0.5.0 | 86.55 | 168.29 | 254.84 | NOTE | |
r-release-linux-x86_64 | 0.5.0 | 89.38 | 168.08 | 257.46 | NOTE | |
r-release-macos-arm64 | 0.5.0 | 106.00 | NOTE | |||
r-release-windows-x86_64 | 0.5.0 | 96.00 | 154.00 | 250.00 | NOTE | |
r-oldrel-macos-arm64 | 0.5.0 | 145.00 | NOTE | |||
r-oldrel-macos-x86_64 | 0.5.0 | 245.00 | NOTE | |||
r-oldrel-windows-x86_64 | 0.5.0 | 123.00 | 202.00 | 325.00 | NOTE |
Version: 0.5.0
Check: C++ specification
Result: NOTE
Specified C++11: please drop specification unless essential
Flavors: r-devel-linux-x86_64-debian-clang, r-devel-linux-x86_64-fedora-clang, r-devel-linux-x86_64-fedora-gcc, r-devel-windows-x86_64, r-patched-linux-x86_64, r-release-linux-x86_64, r-release-macos-arm64, r-release-windows-x86_64, r-oldrel-macos-arm64, r-oldrel-macos-x86_64, r-oldrel-windows-x86_64
Version: 0.5.0
Check: installed package size
Result: NOTE
installed size is 5.2Mb
sub-directories of 1Mb or more:
data 3.8Mb
libs 1.2Mb
Flavors: r-devel-windows-x86_64, r-release-macos-arm64, r-release-windows-x86_64, r-oldrel-macos-arm64, r-oldrel-macos-x86_64, r-oldrel-windows-x86_64
These binaries (installable software) and packages are in development.
They may not be fully stable and should be used with caution. We make no claims about them.