Last updated on 2024-05-04 01:48:58 CEST.
Flavor | Version | Tinstall | Tcheck | Ttotal | Status | Flags |
---|---|---|---|---|---|---|
r-devel-linux-x86_64-debian-clang | 1.0.4 | 0.59 | 2.32 | 2.91 | ERROR | |
r-devel-linux-x86_64-fedora-clang | 1.0.4 | 466.97 | NOTE | |||
r-devel-linux-x86_64-fedora-gcc | 1.0.4 | 225.94 | NOTE | |||
r-devel-windows-x86_64 | 1.0.4 | 68.00 | 225.00 | 293.00 | OK | |
r-patched-linux-x86_64 | 1.0.4 | 74.34 | 255.22 | 329.56 | OK | |
r-release-linux-x86_64 | 1.0.4 | 66.32 | 257.69 | 324.01 | OK | |
r-release-macos-arm64 | 1.0.4 | 109.00 | OK | |||
r-release-macos-x86_64 | 1.0.4 | 194.00 | OK | |||
r-release-windows-x86_64 | 1.0.4 | 68.00 | 228.00 | 296.00 | OK | |
r-oldrel-macos-arm64 | 1.0.4 | 126.00 | NOTE | |||
r-oldrel-macos-x86_64 | 1.0.4 | 202.00 | NOTE | |||
r-oldrel-windows-x86_64 | 1.0.4 | 80.00 | 288.00 | 368.00 | OK |
Version: 1.0.4
Check: package dependencies
Result: ERROR
Package required but not available: ‘sva’
Packages suggested but not available for checking:
'simplifyEnrichment', 'WGCNA', 'AnnotationDbi', 'GO.db'
See section ‘The DESCRIPTION file’ in the ‘Writing R Extensions’
manual.
Flavor: r-devel-linux-x86_64-debian-clang
Version: 1.0.4
Check: package dependencies
Result: NOTE
Packages suggested but not available for checking:
'simplifyEnrichment', 'conos', 'pagoda2'
Flavor: r-devel-linux-x86_64-fedora-clang
Version: 1.0.4
Check: package dependencies
Result: NOTE
Packages suggested but not available for checking: 'conos', 'pagoda2'
Flavor: r-devel-linux-x86_64-fedora-gcc
Version: 1.0.4
Check: package dependencies
Result: NOTE
Package suggested but not available for checking: ‘simplifyEnrichment’
Flavors: r-oldrel-macos-arm64, r-oldrel-macos-x86_64
These binaries (installable software) and packages are in development.
They may not be fully stable and should be used with caution. We make no claims about them.