Last updated on 2024-05-04 01:48:58 CEST.
Flavor | Version | Tinstall | Tcheck | Ttotal | Status | Flags |
---|---|---|---|---|---|---|
r-devel-linux-x86_64-debian-clang | 1.0.11 | 0.69 | 2.48 | 3.17 | ERROR | |
r-devel-linux-x86_64-fedora-clang | 1.0.11 | 1050.52 | OK | |||
r-devel-linux-x86_64-fedora-gcc | 1.0.11 | 933.73 | OK | |||
r-devel-windows-x86_64 | 1.0.11 | 63.00 | 465.00 | 528.00 | OK | |
r-patched-linux-x86_64 | 1.0.11 | 66.70 | 662.51 | 729.21 | OK | |
r-release-linux-x86_64 | 1.0.11 | 55.76 | 663.21 | 718.97 | OK | |
r-release-macos-arm64 | 1.0.11 | 257.00 | OK | |||
r-release-macos-x86_64 | 1.0.11 | 487.00 | OK | |||
r-release-windows-x86_64 | 1.0.11 | 64.00 | 468.00 | 532.00 | OK | |
r-oldrel-macos-arm64 | 1.0.11 | 9.00 | ERROR | |||
r-oldrel-macos-x86_64 | 1.0.11 | 6.00 | ERROR | |||
r-oldrel-windows-x86_64 | 1.0.11 | 85.00 | 641.00 | 726.00 | OK |
Version: 1.0.11
Check: package dependencies
Result: ERROR
Package required but not available: ‘GSVA’
See section ‘The DESCRIPTION file’ in the ‘Writing R Extensions’
manual.
Flavors: r-devel-linux-x86_64-debian-clang, r-oldrel-macos-arm64, r-oldrel-macos-x86_64
These binaries (installable software) and packages are in development.
They may not be fully stable and should be used with caution. We make no claims about them.