Last updated on 2024-05-04 01:48:58 CEST.
Flavor | Version | Tinstall | Tcheck | Ttotal | Status | Flags |
---|---|---|---|---|---|---|
r-devel-linux-x86_64-debian-clang | 1.0.4 | 44.12 | 120.02 | 164.14 | NOTE | |
r-devel-linux-x86_64-fedora-clang | 1.0.4 | 224.86 | NOTE | |||
r-devel-linux-x86_64-fedora-gcc | 1.0.4 | 208.20 | NOTE | |||
r-devel-windows-x86_64 | 1.0.4 | 34.00 | 157.00 | 191.00 | NOTE | |
r-patched-linux-x86_64 | 1.0.4 | 43.41 | 113.56 | 156.97 | NOTE | |
r-release-linux-x86_64 | 1.0.4 | 41.53 | 114.96 | 156.49 | NOTE | |
r-release-macos-arm64 | 1.0.4 | 62.00 | NOTE | |||
r-release-windows-x86_64 | 1.0.4 | 36.00 | 154.00 | 190.00 | NOTE | |
r-oldrel-macos-arm64 | 1.0.4 | 82.00 | NOTE | |||
r-oldrel-macos-x86_64 | 1.0.4 | 132.00 | NOTE | |||
r-oldrel-windows-x86_64 | 1.0.4 | 31.00 | 180.00 | 211.00 | NOTE |
Version: 1.0.4
Check: C++ specification
Result: NOTE
Specified C++11: please drop specification unless essential
Flavors: r-devel-linux-x86_64-debian-clang, r-devel-linux-x86_64-fedora-clang, r-devel-linux-x86_64-fedora-gcc, r-devel-windows-x86_64, r-patched-linux-x86_64, r-release-linux-x86_64, r-release-macos-arm64, r-release-windows-x86_64, r-oldrel-macos-arm64, r-oldrel-macos-x86_64, r-oldrel-windows-x86_64
These binaries (installable software) and packages are in development.
They may not be fully stable and should be used with caution. We make no claims about them.