Last updated on 2025-10-23 21:51:40 CEST.
Flavor | Version | Tinstall | Tcheck | Ttotal | Status | Flags |
---|---|---|---|---|---|---|
r-devel-linux-x86_64-debian-clang | 0.3.0 | 3.08 | 36.98 | 40.06 | NOTE | |
r-devel-linux-x86_64-debian-gcc | 0.3.0 | 1.85 | 28.87 | 30.72 | OK | |
r-devel-linux-x86_64-fedora-clang | 0.3.0 | 59.53 | OK | |||
r-devel-linux-x86_64-fedora-gcc | 0.3.0 | 71.21 | OK | |||
r-devel-windows-x86_64 | 0.3.0 | 5.00 | 56.00 | 61.00 | OK | |
r-patched-linux-x86_64 | 0.3.0 | 2.67 | 34.46 | 37.13 | OK | |
r-release-linux-x86_64 | 0.3.0 | 2.95 | 34.45 | 37.40 | OK | |
r-release-macos-arm64 | 0.3.0 | 2.00 | 27.00 | 29.00 | OK | |
r-release-macos-x86_64 | 0.3.0 | 2.00 | 47.00 | 49.00 | OK | |
r-release-windows-x86_64 | 0.3.0 | 6.00 | 56.00 | 62.00 | OK | |
r-oldrel-macos-arm64 | 0.3.0 | 2.00 | 27.00 | 29.00 | OK | |
r-oldrel-macos-x86_64 | 0.3.0 | 4.00 | 70.00 | 74.00 | OK | |
r-oldrel-windows-x86_64 | 0.3.0 | 6.00 | 66.00 | 72.00 | OK |
Version: 0.3.0
Check: HTML version of manual
Result: NOTE
Found the following HTML validation problems:
scatterPlotMatrix-shiny.html:68:1 (scatterPlotMatrix-shiny.Rd:25): Warning: missing </ul> before </div>
Flavor: r-devel-linux-x86_64-debian-clang
These binaries (installable software) and packages are in development.
They may not be fully stable and should be used with caution. We make no claims about them.