Last updated on 2024-05-04 01:48:58 CEST.
Flavor | Version | Tinstall | Tcheck | Ttotal | Status | Flags |
---|---|---|---|---|---|---|
r-devel-linux-x86_64-debian-clang | 1.2.0 | 55.74 | 134.45 | 190.19 | NOTE | |
r-devel-linux-x86_64-fedora-clang | 1.2.0 | 254.65 | NOTE | |||
r-devel-linux-x86_64-fedora-gcc | 1.2.0 | 249.04 | NOTE | |||
r-devel-windows-x86_64 | 1.2.0 | 49.00 | 127.00 | 176.00 | NOTE | |
r-patched-linux-x86_64 | 1.2.0 | 37.24 | 126.74 | 163.98 | NOTE | |
r-release-linux-x86_64 | 1.2.0 | 37.10 | 124.07 | 161.17 | NOTE | |
r-release-macos-arm64 | 1.2.0 | 59.00 | NOTE | |||
r-release-macos-x86_64 | 1.2.0 | 144.00 | NOTE | |||
r-release-windows-x86_64 | 1.2.0 | 46.00 | 125.00 | 171.00 | NOTE | |
r-oldrel-macos-arm64 | 1.2.0 | 69.00 | NOTE | |||
r-oldrel-macos-x86_64 | 1.2.0 | 147.00 | NOTE | |||
r-oldrel-windows-x86_64 | 1.2.0 | 58.00 | 159.00 | 217.00 | NOTE |
Version: 1.2.0
Check: for GNU extensions in Makefiles
Result: NOTE
GNU make is a SystemRequirements.
Flavors: r-devel-linux-x86_64-debian-clang, r-devel-linux-x86_64-fedora-clang, r-devel-linux-x86_64-fedora-gcc, r-devel-windows-x86_64, r-patched-linux-x86_64, r-release-linux-x86_64, r-release-macos-arm64, r-release-macos-x86_64, r-release-windows-x86_64, r-oldrel-macos-arm64, r-oldrel-macos-x86_64, r-oldrel-windows-x86_64
Version: 1.2.0
Check: dependencies in R code
Result: NOTE
Namespace in Imports field not imported from: ‘Rcpp’
All declared Imports should be used.
Flavors: r-devel-linux-x86_64-fedora-clang, r-devel-linux-x86_64-fedora-gcc
These binaries (installable software) and packages are in development.
They may not be fully stable and should be used with caution. We make no claims about them.