Last updated on 2024-05-04 01:48:58 CEST.
Flavor | Version | Tinstall | Tcheck | Ttotal | Status | Flags |
---|---|---|---|---|---|---|
r-devel-linux-x86_64-debian-clang | 1.1.1 | 68.35 | 281.72 | 350.07 | OK | |
r-devel-linux-x86_64-fedora-clang | 1.1.1 | 483.30 | OK | |||
r-devel-linux-x86_64-fedora-gcc | 1.1.1 | 469.25 | OK | |||
r-devel-windows-x86_64 | 1.1.1 | 62.00 | 287.00 | 349.00 | OK | |
r-patched-linux-x86_64 | 1.1.1 | 72.53 | 262.24 | 334.77 | OK | |
r-release-linux-x86_64 | 1.1.1 | 68.39 | 268.69 | 337.08 | OK | |
r-release-macos-arm64 | 1.1.1 | 119.00 | NOTE | |||
r-release-windows-x86_64 | 1.1.1 | 58.00 | 285.00 | 343.00 | OK | |
r-oldrel-macos-arm64 | 1.1.1 | 131.00 | NOTE | |||
r-oldrel-macos-x86_64 | 1.1.1 | 370.00 | NOTE | |||
r-oldrel-windows-x86_64 | 1.1.1 | 73.00 | 340.00 | 413.00 | OK |
Version: 1.1.1
Check: installed package size
Result: NOTE
installed size is 5.9Mb
sub-directories of 1Mb or more:
libs 3.7Mb
Flavors: r-release-macos-arm64, r-oldrel-macos-arm64, r-oldrel-macos-x86_64
These binaries (installable software) and packages are in development.
They may not be fully stable and should be used with caution. We make no claims about them.