Last updated on 2025-10-23 23:49:44 CEST.
Flavor | Version | Tinstall | Tcheck | Ttotal | Status | Flags |
---|---|---|---|---|---|---|
r-devel-linux-x86_64-debian-clang | 1.0-0 | 9.01 | 79.78 | 88.79 | NOTE | |
r-devel-linux-x86_64-debian-gcc | 1.0-0 | 7.17 | 56.86 | 64.03 | NOTE | |
r-devel-linux-x86_64-fedora-clang | 1.0-0 | 20.00 | 117.08 | 137.08 | NOTE | |
r-devel-linux-x86_64-fedora-gcc | 1.0-0 | 24.00 | 114.64 | 138.64 | NOTE | |
r-devel-windows-x86_64 | 1.0-0 | 10.00 | 89.00 | 99.00 | NOTE | |
r-patched-linux-x86_64 | 1.0-0 | 8.83 | 76.59 | 85.42 | NOTE | |
r-release-linux-x86_64 | 1.0-0 | 9.02 | 75.98 | 85.00 | NOTE | |
r-release-macos-arm64 | 1.0-0 | 4.00 | 34.00 | 38.00 | NOTE | |
r-release-macos-x86_64 | 1.0-0 | 13.00 | 79.00 | 92.00 | NOTE | |
r-release-windows-x86_64 | 1.0-0 | 10.00 | 91.00 | 101.00 | NOTE | |
r-oldrel-macos-arm64 | 1.0-0 | 4.00 | 34.00 | 38.00 | NOTE | |
r-oldrel-macos-x86_64 | 1.0-0 | 6.00 | 51.00 | 57.00 | NOTE | |
r-oldrel-windows-x86_64 | 1.0-0 | 14.00 | 110.00 | 124.00 | NOTE |
Version: 1.0-0
Check: Rd files
Result: NOTE
checkRd: (-1) hyperpar.Rd:17: Lost braces
17 | \item{c}{denotes the expected range of eqn{f} .}
| ^
Flavors: r-devel-linux-x86_64-debian-clang, r-devel-linux-x86_64-debian-gcc, r-devel-linux-x86_64-fedora-clang, r-devel-linux-x86_64-fedora-gcc, r-devel-windows-x86_64, r-patched-linux-x86_64, r-release-linux-x86_64, r-release-macos-arm64, r-release-macos-x86_64, r-release-windows-x86_64, r-oldrel-macos-arm64, r-oldrel-macos-x86_64, r-oldrel-windows-x86_64
Version: 1.0-0
Check: LazyData
Result: NOTE
'LazyData' is specified without a 'data' directory
Flavors: r-oldrel-macos-arm64, r-oldrel-macos-x86_64, r-oldrel-windows-x86_64
These binaries (installable software) and packages are in development.
They may not be fully stable and should be used with caution. We make no claims about them.