Last updated on 2025-10-23 07:50:00 CEST.
Flavor | Version | Tinstall | Tcheck | Ttotal | Status | Flags |
---|---|---|---|---|---|---|
r-devel-linux-x86_64-debian-clang | 0.7.4 | 235.57 | 244.05 | 479.62 | NOTE | |
r-devel-linux-x86_64-debian-gcc | 0.7.4 | 196.71 | 198.60 | 395.31 | OK | |
r-devel-linux-x86_64-fedora-clang | 0.7.4 | 720.00 | 28.77 | 748.77 | OK | |
r-devel-linux-x86_64-fedora-gcc | 0.7.4 | 840.00 | 113.66 | 953.66 | OK | |
r-devel-windows-x86_64 | 0.7.4 | 224.00 | 301.00 | 525.00 | OK | |
r-patched-linux-x86_64 | 0.7.4 | 254.37 | 257.21 | 511.58 | OK | |
r-release-linux-x86_64 | 0.7.4 | 263.37 | 255.04 | 518.41 | OK | |
r-release-macos-arm64 | 0.7.4 | 77.00 | 98.00 | 175.00 | OK | |
r-release-macos-x86_64 | 0.7.4 | 198.00 | 207.00 | 405.00 | OK | |
r-release-windows-x86_64 | 0.7.4 | 248.00 | 295.00 | 543.00 | OK | |
r-oldrel-macos-arm64 | 0.7.4 | 75.00 | 105.00 | 180.00 | NOTE | |
r-oldrel-macos-x86_64 | 0.7.4 | 193.00 | 191.00 | 384.00 | NOTE | |
r-oldrel-windows-x86_64 | 0.7.4 | 257.00 | 389.00 | 646.00 | NOTE |
Version: 0.7.4
Check: HTML version of manual
Result: NOTE
Found the following HTML validation problems:
coef.sdmTMB.html:60:1 (coef.sdmTMB.Rd:17): Warning: missing </ul> before </div>
Flavor: r-devel-linux-x86_64-debian-clang
Version: 0.7.4
Check: installed package size
Result: NOTE
installed size is 89.1Mb
sub-directories of 1Mb or more:
libs 87.8Mb
Flavors: r-oldrel-macos-arm64, r-oldrel-macos-x86_64, r-oldrel-windows-x86_64
These binaries (installable software) and packages are in development.
They may not be fully stable and should be used with caution. We make no claims about them.