Last updated on 2024-05-04 01:48:58 CEST.
Flavor | Version | Tinstall | Tcheck | Ttotal | Status | Flags |
---|---|---|---|---|---|---|
r-devel-linux-x86_64-debian-clang | 4.6.6 | 487.14 | 692.73 | 1179.87 | NOTE | |
r-devel-linux-x86_64-fedora-clang | 4.6.6 | 1539.62 | NOTE | |||
r-devel-linux-x86_64-fedora-gcc | 4.6.6 | 1506.26 | NOTE | |||
r-devel-windows-x86_64 | 4.6.6 | 405.00 | 538.00 | 943.00 | NOTE | |
r-patched-linux-x86_64 | 4.6.6 | 477.86 | 622.82 | 1100.68 | NOTE | |
r-release-linux-x86_64 | 4.6.6 | 463.51 | 645.05 | 1108.56 | NOTE | |
r-release-macos-arm64 | 4.6.6 | 288.00 | NOTE | |||
r-release-macos-x86_64 | 4.6.6 | 746.00 | NOTE | |||
r-release-windows-x86_64 | 4.6.6 | 398.00 | 541.00 | 939.00 | NOTE | |
r-oldrel-macos-arm64 | 4.6.6 | 304.00 | NOTE | |||
r-oldrel-macos-x86_64 | 4.6.6 | 642.00 | NOTE | |||
r-oldrel-windows-x86_64 | 4.6.6 | 494.00 | 720.00 | 1214.00 | NOTE |
Version: 4.6.6
Check: for GNU extensions in Makefiles
Result: NOTE
GNU make is a SystemRequirements.
Flavors: r-devel-linux-x86_64-debian-clang, r-devel-linux-x86_64-fedora-clang, r-devel-linux-x86_64-fedora-gcc, r-devel-windows-x86_64, r-patched-linux-x86_64, r-release-linux-x86_64, r-release-macos-arm64, r-release-macos-x86_64, r-release-windows-x86_64, r-oldrel-macos-arm64, r-oldrel-macos-x86_64, r-oldrel-windows-x86_64
Version: 4.6.6
Check: installed package size
Result: NOTE
installed size is 5.1Mb
sub-directories of 1Mb or more:
R 1.5Mb
libs 1.9Mb
Flavors: r-devel-windows-x86_64, r-release-macos-arm64, r-release-macos-x86_64, r-release-windows-x86_64, r-oldrel-macos-arm64, r-oldrel-macos-x86_64, r-oldrel-windows-x86_64
These binaries (installable software) and packages are in development.
They may not be fully stable and should be used with caution. We make no claims about them.