Last updated on 2024-05-04 01:48:59 CEST.
Flavor | Version | Tinstall | Tcheck | Ttotal | Status | Flags |
---|---|---|---|---|---|---|
r-devel-linux-x86_64-debian-clang | 2.9.0 | 103.03 | 214.35 | 317.38 | OK | |
r-devel-linux-x86_64-fedora-clang | 2.9.0 | 405.43 | NOTE | |||
r-devel-linux-x86_64-fedora-gcc | 2.9.0 | 395.51 | OK | |||
r-devel-windows-x86_64 | 2.9.0 | 65.00 | 250.00 | 315.00 | OK | |
r-patched-linux-x86_64 | 2.9.0 | 76.09 | 191.93 | 268.02 | OK | |
r-release-linux-x86_64 | 2.9.0 | 78.60 | 191.59 | 270.19 | OK | |
r-release-macos-arm64 | 2.9.0 | 116.00 | OK | |||
r-release-macos-x86_64 | 2.9.0 | 318.00 | OK | |||
r-release-windows-x86_64 | 2.9.0 | 62.00 | 243.00 | 305.00 | OK | |
r-oldrel-macos-arm64 | 2.9.0 | 122.00 | OK | |||
r-oldrel-macos-x86_64 | 2.9.0 | 313.00 | OK | |||
r-oldrel-windows-x86_64 | 2.9.0 | 79.00 | 254.00 | 333.00 | OK |
Version: 2.9.0
Check: installed package size
Result: NOTE
installed size is 8.5Mb
sub-directories of 1Mb or more:
doc 1.9Mb
libs 5.6Mb
Flavor: r-devel-linux-x86_64-fedora-clang
These binaries (installable software) and packages are in development.
They may not be fully stable and should be used with caution. We make no claims about them.