Last updated on 2024-05-04 01:48:59 CEST.
Flavor | Version | Tinstall | Tcheck | Ttotal | Status | Flags |
---|---|---|---|---|---|---|
r-devel-linux-x86_64-debian-clang | 0.4.0 | 3.88 | 42.80 | 46.68 | NOTE | |
r-devel-linux-x86_64-fedora-clang | 0.4.0 | 61.09 | NOTE | |||
r-devel-linux-x86_64-fedora-gcc | 0.4.0 | 57.22 | NOTE | |||
r-devel-windows-x86_64 | 0.4.0 | 6.00 | 57.00 | 63.00 | NOTE | |
r-patched-linux-x86_64 | 0.4.0 | 5.61 | 41.62 | 47.23 | NOTE | |
r-release-linux-x86_64 | 0.4.0 | 5.27 | 40.48 | 45.75 | NOTE | |
r-release-macos-arm64 | 0.4.0 | 21.00 | NOTE | |||
r-release-windows-x86_64 | 0.4.0 | 5.00 | 56.00 | 61.00 | NOTE | |
r-oldrel-macos-arm64 | 0.4.0 | 23.00 | NOTE | |||
r-oldrel-macos-x86_64 | 0.4.0 | 30.00 | NOTE | |||
r-oldrel-windows-x86_64 | 0.4.0 | 7.00 | 63.00 | 70.00 | NOTE |
Version: 0.4.0
Check: LazyData
Result: NOTE
'LazyData' is specified without a 'data' directory
Flavors: r-devel-linux-x86_64-debian-clang, r-devel-linux-x86_64-fedora-clang, r-devel-linux-x86_64-fedora-gcc, r-devel-windows-x86_64, r-patched-linux-x86_64, r-release-linux-x86_64, r-release-macos-arm64, r-release-windows-x86_64, r-oldrel-macos-arm64, r-oldrel-macos-x86_64, r-oldrel-windows-x86_64
These binaries (installable software) and packages are in development.
They may not be fully stable and should be used with caution. We make no claims about them.