Last updated on 2024-05-04 01:48:59 CEST.
Flavor | Version | Tinstall | Tcheck | Ttotal | Status | Flags |
---|---|---|---|---|---|---|
r-devel-linux-x86_64-debian-clang | 0.1.0 | 47.54 | 197.36 | 244.90 | OK | |
r-devel-linux-x86_64-fedora-clang | 0.1.0 | 299.61 | NOTE | |||
r-devel-linux-x86_64-fedora-gcc | 0.1.0 | 306.20 | OK | |||
r-devel-windows-x86_64 | 0.1.0 | 31.00 | 177.00 | 208.00 | NOTE | |
r-patched-linux-x86_64 | 0.1.0 | 33.96 | 178.78 | 212.74 | OK | |
r-release-linux-x86_64 | 0.1.0 | 25.14 | 184.78 | 209.92 | OK | |
r-release-macos-arm64 | 0.1.0 | 88.00 | NOTE | |||
r-release-macos-x86_64 | 0.1.0 | 194.00 | NOTE | |||
r-release-windows-x86_64 | 0.1.0 | 30.00 | 174.00 | 204.00 | NOTE | |
r-oldrel-macos-arm64 | 0.1.0 | 91.00 | NOTE | |||
r-oldrel-macos-x86_64 | 0.1.0 | 182.00 | NOTE | |||
r-oldrel-windows-x86_64 | 0.1.0 | 43.00 | 217.00 | 260.00 | NOTE |
Version: 0.1.0
Check: installed package size
Result: NOTE
installed size is 6.6Mb
sub-directories of 1Mb or more:
R 1.0Mb
doc 4.9Mb
Flavors: r-devel-linux-x86_64-fedora-clang, r-devel-windows-x86_64, r-release-macos-arm64, r-release-macos-x86_64, r-release-windows-x86_64, r-oldrel-macos-arm64, r-oldrel-macos-x86_64, r-oldrel-windows-x86_64
These binaries (installable software) and packages are in development.
They may not be fully stable and should be used with caution. We make no claims about them.