Last updated on 2024-05-04 01:48:59 CEST.
Flavor | Version | Tinstall | Tcheck | Ttotal | Status | Flags |
---|---|---|---|---|---|---|
r-devel-linux-x86_64-debian-clang | 1.0-16 | 251.92 | 406.01 | 657.93 | OK | |
r-devel-linux-x86_64-fedora-clang | 1.0-16 | 877.89 | NOTE | |||
r-devel-linux-x86_64-fedora-gcc | 1.0-16 | 882.27 | OK | |||
r-devel-windows-x86_64 | 1.0-16 | 217.00 | 778.00 | 995.00 | NOTE | |
r-patched-linux-x86_64 | 1.0-16 | 244.38 | 356.57 | 600.95 | OK | |
r-release-linux-x86_64 | 1.0-16 | 259.94 | 386.85 | 646.79 | OK | |
r-release-macos-arm64 | 1.0-16 | 213.00 | NOTE | |||
r-release-macos-x86_64 | 1.0-16 | 563.00 | NOTE | |||
r-release-windows-x86_64 | 1.0-16 | 214.00 | 779.00 | 993.00 | NOTE | |
r-oldrel-macos-arm64 | 1.0-16 | 224.00 | NOTE | |||
r-oldrel-macos-x86_64 | 1.0-16 | 516.00 | NOTE | |||
r-oldrel-windows-x86_64 | 1.0-16 | 266.00 | 1015.00 | 1281.00 | NOTE |
Version: 1.0-16
Check: installed package size
Result: NOTE
installed size is 7.5Mb
sub-directories of 1Mb or more:
doc 1.7Mb
libs 1.1Mb
sqlite 1.5Mb
Flavors: r-devel-linux-x86_64-fedora-clang, r-devel-windows-x86_64, r-release-macos-arm64, r-release-macos-x86_64, r-release-windows-x86_64, r-oldrel-macos-arm64, r-oldrel-macos-x86_64, r-oldrel-windows-x86_64
These binaries (installable software) and packages are in development.
They may not be fully stable and should be used with caution. We make no claims about them.