Last updated on 2024-05-04 01:48:59 CEST.
Flavor | Version | Tinstall | Tcheck | Ttotal | Status | Flags |
---|---|---|---|---|---|---|
r-devel-linux-x86_64-debian-clang | 0.6-0 | 5.15 | 64.99 | 70.14 | NOTE | |
r-devel-linux-x86_64-fedora-clang | 0.6-0 | 87.95 | NOTE | |||
r-devel-linux-x86_64-fedora-gcc | 0.6-0 | 82.80 | NOTE | |||
r-devel-windows-x86_64 | 0.6-0 | 6.00 | 67.00 | 73.00 | NOTE | |
r-patched-linux-x86_64 | 0.6-0 | 6.00 | 61.31 | 67.31 | NOTE | |
r-release-linux-x86_64 | 0.6-0 | 3.43 | 58.95 | 62.38 | NOTE | |
r-release-macos-arm64 | 0.6-0 | 27.00 | NOTE | |||
r-release-windows-x86_64 | 0.6-0 | 5.00 | 68.00 | 73.00 | NOTE | |
r-oldrel-macos-arm64 | 0.6-0 | 28.00 | OK | |||
r-oldrel-macos-x86_64 | 0.6-0 | 43.00 | OK | |||
r-oldrel-windows-x86_64 | 0.6-0 | 6.00 | 77.00 | 83.00 | OK |
Version: 0.6-0
Check: Rd files
Result: NOTE
checkRd: (-1) bisee.Rd:127: Lost braces
127 | values including \code{x}, \code{y}, code{family}, \code{clusterID},
| ^
checkRd: (-1) hisee.Rd:101: Lost braces
101 | values including \code{x}, \code{y}, code{family}, \code{clusterID},
| ^
checkRd: (-1) isee.Rd:116: Lost braces
116 | values including \code{x}, \code{y}, code{family}, \code{clusterID},
| ^
checkRd: (-1) see.Rd:98: Lost braces
98 | values including \code{x}, \code{y}, code{family}, \code{clusterID},
| ^
Flavors: r-devel-linux-x86_64-debian-clang, r-devel-linux-x86_64-fedora-clang, r-devel-linux-x86_64-fedora-gcc, r-devel-windows-x86_64, r-patched-linux-x86_64, r-release-linux-x86_64, r-release-macos-arm64, r-release-windows-x86_64
These binaries (installable software) and packages are in development.
They may not be fully stable and should be used with caution. We make no claims about them.