Last updated on 2024-05-04 01:48:59 CEST.
Flavor | Version | Tinstall | Tcheck | Ttotal | Status | Flags |
---|---|---|---|---|---|---|
r-devel-linux-x86_64-debian-clang | 0.8.6 | 9.90 | 64.67 | 74.57 | OK | |
r-devel-linux-x86_64-fedora-clang | 0.8.6 | 93.49 | NOTE | |||
r-devel-linux-x86_64-fedora-gcc | 0.8.6 | 87.74 | NOTE | |||
r-devel-windows-x86_64 | 0.8.6 | 11.00 | 66.00 | 77.00 | OK | |
r-patched-linux-x86_64 | 0.8.6 | 8.97 | 62.03 | 71.00 | OK | |
r-release-linux-x86_64 | 0.8.6 | 10.88 | 61.54 | 72.42 | OK | |
r-release-macos-arm64 | 0.8.6 | 28.00 | OK | |||
r-release-windows-x86_64 | 0.8.6 | 10.00 | 67.00 | 77.00 | OK | |
r-oldrel-macos-arm64 | 0.8.6 | 29.00 | OK | |||
r-oldrel-macos-x86_64 | 0.8.6 | 54.00 | OK | |||
r-oldrel-windows-x86_64 | 0.8.6 | 12.00 | 77.00 | 89.00 | OK |
Version: 0.8.6
Check: data for non-ASCII characters
Result: NOTE
Note: found 2 marked UTF-8 strings
Flavors: r-devel-linux-x86_64-fedora-clang, r-devel-linux-x86_64-fedora-gcc
These binaries (installable software) and packages are in development.
They may not be fully stable and should be used with caution. We make no claims about them.