Last updated on 2025-07-19 21:49:49 CEST.
Flavor | Version | Tinstall | Tcheck | Ttotal | Status | Flags |
---|---|---|---|---|---|---|
r-devel-linux-x86_64-debian-clang | 0.8.6 | 7.45 | 53.38 | 60.83 | NOTE | |
r-devel-linux-x86_64-debian-gcc | 0.8.6 | 5.41 | 39.35 | 44.76 | NOTE | |
r-devel-linux-x86_64-fedora-clang | 0.8.6 | 94.39 | OK | |||
r-devel-linux-x86_64-fedora-gcc | 0.8.6 | 88.08 | OK | |||
r-devel-windows-x86_64 | 0.8.6 | 10.00 | 69.00 | 79.00 | OK | |
r-patched-linux-x86_64 | 0.8.6 | 8.68 | 49.10 | 57.78 | OK | |
r-release-linux-x86_64 | 0.8.6 | 7.32 | 49.09 | 56.41 | OK | |
r-release-macos-arm64 | 0.8.6 | 30.00 | OK | |||
r-release-macos-x86_64 | 0.8.6 | 48.00 | OK | |||
r-release-windows-x86_64 | 0.8.6 | 10.00 | 69.00 | 79.00 | OK | |
r-oldrel-macos-arm64 | 0.8.6 | 28.00 | OK | |||
r-oldrel-macos-x86_64 | 0.8.6 | 43.00 | OK | |||
r-oldrel-windows-x86_64 | 0.8.6 | 15.00 | 79.00 | 94.00 | OK |
Version: 0.8.6
Check: CRAN incoming feasibility
Result: NOTE
Maintainer: ‘Reneé González-Guzmán <rguzman@geociencias.unam.mx>’
Package CITATION file contains call(s) to old-style personList() or
as.personList(). Please use c() on person objects instead.
Package CITATION file contains call(s) to old-style citEntry(). Please
use bibentry() instead.
Flavors: r-devel-linux-x86_64-debian-clang, r-devel-linux-x86_64-debian-gcc
These binaries (installable software) and packages are in development.
They may not be fully stable and should be used with caution. We make no claims about them.