Last updated on 2024-05-04 01:48:59 CEST.
Flavor | Version | Tinstall | Tcheck | Ttotal | Status | Flags |
---|---|---|---|---|---|---|
r-devel-linux-x86_64-debian-clang | 1.8.0 | 2.42 | 30.93 | 33.35 | NOTE | |
r-devel-linux-x86_64-fedora-clang | 1.8.0 | 44.66 | NOTE | |||
r-devel-linux-x86_64-fedora-gcc | 1.8.0 | 24.50 | NOTE | |||
r-devel-windows-x86_64 | 1.8.0 | 4.00 | 45.00 | 49.00 | NOTE | |
r-patched-linux-x86_64 | 1.8.0 | 1.64 | 29.92 | 31.56 | NOTE | |
r-release-linux-x86_64 | 1.8.0 | 1.98 | 29.36 | 31.34 | NOTE | |
r-release-macos-arm64 | 1.8.0 | 19.00 | NOTE | |||
r-release-windows-x86_64 | 1.8.0 | 4.00 | 44.00 | 48.00 | NOTE | |
r-oldrel-macos-arm64 | 1.8.0 | 20.00 | NOTE | |||
r-oldrel-macos-x86_64 | 1.8.0 | 27.00 | NOTE | |||
r-oldrel-windows-x86_64 | 1.8.0 | 5.00 | 46.00 | 51.00 | NOTE |
Version: 1.8.0
Check: package dependencies
Result: NOTE
Package suggested but not available for checking: ‘cmdstanr’
Flavors: r-devel-linux-x86_64-debian-clang, r-devel-linux-x86_64-fedora-clang, r-devel-linux-x86_64-fedora-gcc, r-devel-windows-x86_64, r-patched-linux-x86_64, r-release-macos-arm64, r-release-windows-x86_64, r-oldrel-macos-arm64, r-oldrel-macos-x86_64, r-oldrel-windows-x86_64
Version: 1.8.0
Check: package dependencies
Result: NOTE
Packages suggested but not available for checking: 'cmdstanr', 'rstanarm'
Flavor: r-release-linux-x86_64
These binaries (installable software) and packages are in development.
They may not be fully stable and should be used with caution. We make no claims about them.