Last updated on 2024-05-04 01:48:59 CEST.
Flavor | Version | Tinstall | Tcheck | Ttotal | Status | Flags |
---|---|---|---|---|---|---|
r-devel-linux-x86_64-debian-clang | 0.1.1 | 2.27 | 21.22 | 23.49 | OK | |
r-devel-linux-x86_64-fedora-clang | 0.1.1 | 29.69 | NOTE | |||
r-devel-linux-x86_64-fedora-gcc | 0.1.1 | 27.86 | NOTE | |||
r-devel-windows-x86_64 | 0.1.1 | 4.00 | 39.00 | 43.00 | OK | |
r-patched-linux-x86_64 | 0.1.1 | 2.12 | 20.35 | 22.47 | OK | |
r-release-linux-x86_64 | 0.1.1 | 1.56 | 20.37 | 21.93 | OK | |
r-release-macos-arm64 | 0.1.1 | 15.00 | OK | |||
r-release-windows-x86_64 | 0.1.1 | 3.00 | 38.00 | 41.00 | OK | |
r-oldrel-macos-arm64 | 0.1.1 | 20.00 | OK | |||
r-oldrel-macos-x86_64 | 0.1.1 | 25.00 | OK | |||
r-oldrel-windows-x86_64 | 0.1.1 | 3.00 | 36.00 | 39.00 | OK |
Version: 0.1.1
Check: dependencies in R code
Result: NOTE
Namespace in Imports field not imported from: ‘shiny’
All declared Imports should be used.
Flavors: r-devel-linux-x86_64-fedora-clang, r-devel-linux-x86_64-fedora-gcc
These binaries (installable software) and packages are in development.
They may not be fully stable and should be used with caution. We make no claims about them.