Last updated on 2024-05-04 01:48:59 CEST.
Flavor | Version | Tinstall | Tcheck | Ttotal | Status | Flags |
---|---|---|---|---|---|---|
r-devel-linux-x86_64-debian-clang | 0.1.1 | 3.04 | 22.92 | 25.96 | OK | |
r-devel-linux-x86_64-fedora-clang | 0.1.1 | 31.95 | NOTE | |||
r-devel-linux-x86_64-fedora-gcc | 0.1.1 | 30.31 | NOTE | |||
r-devel-windows-x86_64 | 0.1.1 | 5.00 | 40.00 | 45.00 | OK | |
r-patched-linux-x86_64 | 0.1.1 | 2.93 | 22.31 | 25.24 | OK | |
r-release-linux-x86_64 | 0.1.1 | 1.91 | 22.19 | 24.10 | OK | |
r-release-macos-arm64 | 0.1.1 | 14.00 | OK | |||
r-release-windows-x86_64 | 0.1.1 | 3.00 | 40.00 | 43.00 | OK | |
r-oldrel-macos-arm64 | 0.1.1 | 16.00 | OK | |||
r-oldrel-macos-x86_64 | 0.1.1 | 20.00 | OK | |||
r-oldrel-windows-x86_64 | 0.1.1 | 5.00 | 39.00 | 44.00 | OK |
Version: 0.1.1
Check: dependencies in R code
Result: NOTE
Namespace in Imports field not imported from: ‘reactable’
All declared Imports should be used.
Flavors: r-devel-linux-x86_64-fedora-clang, r-devel-linux-x86_64-fedora-gcc
These binaries (installable software) and packages are in development.
They may not be fully stable and should be used with caution. We make no claims about them.