Last updated on 2024-05-04 01:48:59 CEST.
Flavor | Version | Tinstall | Tcheck | Ttotal | Status | Flags |
---|---|---|---|---|---|---|
r-devel-linux-x86_64-debian-clang | 0.1.5 | 4.36 | 63.66 | 68.02 | OK | |
r-devel-linux-x86_64-fedora-clang | 0.1.5 | 85.48 | NOTE | |||
r-devel-linux-x86_64-fedora-gcc | 0.1.5 | 79.94 | NOTE | |||
r-devel-windows-x86_64 | 0.1.5 | 9.00 | 74.00 | 83.00 | OK | |
r-patched-linux-x86_64 | 0.1.5 | 6.92 | 59.43 | 66.35 | OK | |
r-release-linux-x86_64 | 0.1.5 | 4.93 | 60.53 | 65.46 | OK | |
r-release-macos-arm64 | 0.1.5 | 28.00 | OK | |||
r-release-windows-x86_64 | 0.1.5 | 8.00 | 73.00 | 81.00 | OK | |
r-oldrel-macos-arm64 | 0.1.5 | 28.00 | OK | |||
r-oldrel-macos-x86_64 | 0.1.5 | 43.00 | OK | |||
r-oldrel-windows-x86_64 | 0.1.5 | 8.00 | 82.00 | 90.00 | OK |
Version: 0.1.5
Check: data for non-ASCII characters
Result: NOTE
Note: found 28 marked UTF-8 strings
Flavors: r-devel-linux-x86_64-fedora-clang, r-devel-linux-x86_64-fedora-gcc
These binaries (installable software) and packages are in development.
They may not be fully stable and should be used with caution. We make no claims about them.