Last updated on 2024-05-04 01:48:59 CEST.
Flavor | Version | Tinstall | Tcheck | Ttotal | Status | Flags |
---|---|---|---|---|---|---|
r-devel-linux-x86_64-debian-clang | 3.0.2 | 48.01 | 479.98 | 527.99 | NOTE | |
r-devel-linux-x86_64-fedora-clang | 3.0.2 | 636.60 | NOTE | |||
r-devel-linux-x86_64-fedora-gcc | 3.0.2 | 624.91 | NOTE | |||
r-devel-windows-x86_64 | 3.0.2 | 32.00 | 324.00 | 356.00 | NOTE | |
r-patched-linux-x86_64 | 3.0.2 | 39.35 | 448.62 | 487.97 | NOTE | |
r-release-linux-x86_64 | 3.0.2 | 31.78 | 443.59 | 475.37 | NOTE | |
r-release-macos-arm64 | 3.0.2 | 161.00 | NOTE | |||
r-release-windows-x86_64 | 3.0.2 | 32.00 | 320.00 | 352.00 | NOTE | |
r-oldrel-macos-arm64 | 3.0.2 | 170.00 | OK | |||
r-oldrel-macos-x86_64 | 3.0.2 | 296.00 | OK | |||
r-oldrel-windows-x86_64 | 3.0.2 | 46.00 | 436.00 | 482.00 | OK |
Version: 3.0.2
Check: Rd files
Result: NOTE
checkRd: (-1) siland.Rd:64: Lost braces; missing escapes or markup?
64 | \item x_{l,i}, local variable l,
| ^
checkRd: (-1) siland.Rd:70: Lost braces; missing escapes or markup?
70 | \item d_{r,i} the distance between the center of pixel r and the observation at site i.
| ^
Flavors: r-devel-linux-x86_64-debian-clang, r-devel-linux-x86_64-fedora-clang, r-devel-linux-x86_64-fedora-gcc, r-devel-windows-x86_64, r-patched-linux-x86_64, r-release-linux-x86_64, r-release-macos-arm64, r-release-windows-x86_64
These binaries (installable software) and packages are in development.
They may not be fully stable and should be used with caution. We make no claims about them.