CRAN Package Check Results for Package simFrame

Last updated on 2025-10-23 17:51:03 CEST.

Flavor Version Tinstall Tcheck Ttotal Status Flags
r-devel-linux-x86_64-debian-clang 0.5.4 18.29 41.90 60.19 NOTE
r-devel-linux-x86_64-debian-gcc 0.5.4 14.52 37.43 51.95 NOTE
r-devel-linux-x86_64-fedora-clang 0.5.4 42.00 102.84 144.84 OK
r-devel-linux-x86_64-fedora-gcc 0.5.4 46.00 94.11 140.11 OK
r-devel-windows-x86_64 0.5.4 22.00 113.00 135.00 OK
r-patched-linux-x86_64 0.5.4 21.42 40.68 62.10 OK
r-release-linux-x86_64 0.5.4 19.17 40.02 59.19 OK
r-release-macos-arm64 0.5.4 8.00 32.00 40.00 OK
r-release-macos-x86_64 0.5.4 18.00 65.00 83.00 OK
r-release-windows-x86_64 0.5.4 22.00 114.00 136.00 OK
r-oldrel-macos-arm64 0.5.4 9.00 31.00 40.00 OK
r-oldrel-macos-x86_64 0.5.4 14.00 56.00 70.00 OK
r-oldrel-windows-x86_64 0.5.4 21.00 139.00 160.00 OK

Check Details

Version: 0.5.4
Check: CRAN incoming feasibility
Result: NOTE Maintainer: ‘Andreas Alfons <alfons@ese.eur.nl>’ Package CITATION file contains call(s) to old-style personList() or as.personList(). Please use c() on person objects instead. Package CITATION file contains call(s) to old-style citEntry(). Please use bibentry() instead. Flavors: r-devel-linux-x86_64-debian-clang, r-devel-linux-x86_64-debian-gcc

These binaries (installable software) and packages are in development.
They may not be fully stable and should be used with caution. We make no claims about them.