Last updated on 2024-05-04 01:48:59 CEST.
Flavor | Version | Tinstall | Tcheck | Ttotal | Status | Flags |
---|---|---|---|---|---|---|
r-devel-linux-x86_64-debian-clang | 4.4.6.3 | 89.58 | 142.58 | 232.16 | OK | |
r-devel-linux-x86_64-fedora-clang | 4.4.6.3 | 326.47 | OK | |||
r-devel-linux-x86_64-fedora-gcc | 4.4.6.3 | 358.99 | OK | |||
r-devel-windows-x86_64 | 4.4.6.3 | 78.00 | 186.00 | 264.00 | OK | |
r-patched-linux-x86_64 | 4.4.6.3 | 101.37 | 134.99 | 236.36 | OK | |
r-release-linux-x86_64 | 4.4.6.3 | 105.98 | 134.75 | 240.73 | OK | |
r-release-macos-arm64 | 4.4.6.3 | 97.00 | NOTE | |||
r-release-windows-x86_64 | 4.4.6.3 | 77.00 | 178.00 | 255.00 | OK | |
r-oldrel-macos-arm64 | 4.4.6.3 | 114.00 | NOTE | |||
r-oldrel-macos-x86_64 | 4.4.6.3 | 230.00 | NOTE | |||
r-oldrel-windows-x86_64 | 4.4.6.3 | 82.00 | 209.00 | 291.00 | OK |
Version: 4.4.6.3
Check: installed package size
Result: NOTE
installed size is 14.8Mb
sub-directories of 1Mb or more:
doc 1.6Mb
libs 12.6Mb
Flavors: r-release-macos-arm64, r-oldrel-macos-arm64, r-oldrel-macos-x86_64
These binaries (installable software) and packages are in development.
They may not be fully stable and should be used with caution. We make no claims about them.