Last updated on 2025-10-23 11:50:28 CEST.
Flavor | Version | Tinstall | Tcheck | Ttotal | Status | Flags |
---|---|---|---|---|---|---|
r-devel-linux-x86_64-debian-clang | 0.1.1 | 29.76 | 26.60 | 56.36 | OK | |
r-devel-linux-x86_64-debian-gcc | 0.1.1 | 19.67 | 21.53 | 41.20 | OK | |
r-devel-linux-x86_64-fedora-clang | 0.1.1 | 119.00 | -19.08 | 99.92 | NOTE | |
r-devel-linux-x86_64-fedora-gcc | 0.1.1 | 63.00 | 28.17 | 91.17 | NOTE | |
r-devel-windows-x86_64 | 0.1.1 | 34.00 | 65.00 | 99.00 | OK | |
r-patched-linux-x86_64 | 0.1.1 | 30.89 | 24.20 | 55.09 | OK | |
r-release-linux-x86_64 | 0.1.1 | 28.95 | 24.27 | 53.22 | OK | |
r-release-macos-arm64 | 0.1.1 | 11.00 | 16.00 | 27.00 | OK | |
r-release-macos-x86_64 | 0.1.1 | 66.00 | 49.00 | 115.00 | OK | |
r-release-windows-x86_64 | 0.1.1 | 34.00 | 63.00 | 97.00 | OK | |
r-oldrel-macos-arm64 | 0.1.1 | 15.00 | 47.00 | 62.00 | OK | |
r-oldrel-macos-x86_64 | 0.1.1 | 52.00 | 47.00 | 99.00 | OK | |
r-oldrel-windows-x86_64 | 0.1.1 | 40.00 | 74.00 | 114.00 | OK |
Version: 0.1.1
Check: dependencies in R code
Result: NOTE
Namespace in Imports field not imported from: ‘edmdata’
All declared Imports should be used.
Flavors: r-devel-linux-x86_64-fedora-clang, r-devel-linux-x86_64-fedora-gcc
These binaries (installable software) and packages are in development.
They may not be fully stable and should be used with caution. We make no claims about them.