Last updated on 2024-05-04 01:48:59 CEST.
Flavor | Version | Tinstall | Tcheck | Ttotal | Status | Flags |
---|---|---|---|---|---|---|
r-devel-linux-x86_64-debian-clang | 1.0.3 | 140.07 | 65.74 | 205.81 | OK | |
r-devel-linux-x86_64-fedora-clang | 1.0.3 | 311.27 | OK | |||
r-devel-linux-x86_64-fedora-gcc | 1.0.3 | 356.34 | OK | |||
r-devel-windows-x86_64 | 1.0.3 | 101.00 | 96.00 | 197.00 | OK | |
r-patched-linux-x86_64 | 1.0.3 | 138.21 | 109.32 | 247.53 | OK | |
r-release-linux-x86_64 | 1.0.3 | 148.86 | 108.77 | 257.63 | OK | |
r-release-macos-arm64 | 1.0.3 | 70.00 | NOTE | |||
r-release-windows-x86_64 | 1.0.3 | 94.00 | 96.00 | 190.00 | OK | |
r-oldrel-macos-arm64 | 1.0.3 | 66.00 | NOTE | |||
r-oldrel-macos-x86_64 | 1.0.3 | 132.00 | NOTE | |||
r-oldrel-windows-x86_64 | 1.0.3 | 121.00 | 128.00 | 249.00 | OK |
Version: 1.0.3
Check: installed package size
Result: NOTE
installed size is 31.6Mb
sub-directories of 1Mb or more:
libs 31.2Mb
Flavors: r-release-macos-arm64, r-oldrel-macos-arm64, r-oldrel-macos-x86_64
These binaries (installable software) and packages are in development.
They may not be fully stable and should be used with caution. We make no claims about them.