Last updated on 2024-05-04 01:48:59 CEST.
Flavor | Version | Tinstall | Tcheck | Ttotal | Status | Flags |
---|---|---|---|---|---|---|
r-devel-linux-x86_64-debian-clang | 0.9.1 | 19.59 | 378.54 | 398.13 | OK | |
r-devel-linux-x86_64-fedora-clang | 0.9.1 | 486.20 | NOTE | |||
r-devel-linux-x86_64-fedora-gcc | 0.9.1 | 404.59 | OK | |||
r-devel-windows-x86_64 | 0.9.1 | 37.00 | 556.00 | 593.00 | OK | |
r-patched-linux-x86_64 | 0.9.1 | 15.24 | 363.42 | 378.66 | OK | |
r-release-linux-x86_64 | 0.9.1 | 10.22 | 359.37 | 369.59 | OK | |
r-release-macos-arm64 | 0.9.1 | 136.00 | OK | |||
r-release-macos-x86_64 | 0.9.1 | 392.00 | OK | |||
r-release-windows-x86_64 | 0.9.1 | 38.00 | 535.00 | 573.00 | OK | |
r-oldrel-macos-arm64 | 0.9.1 | 146.00 | OK | |||
r-oldrel-macos-x86_64 | 0.9.1 | 306.00 | OK | |||
r-oldrel-windows-x86_64 | 0.9.1 | 40.00 | 489.00 | 529.00 | OK |
Version: 0.9.1
Check: installed package size
Result: NOTE
installed size is 5.0Mb
sub-directories of 1Mb or more:
doc 3.6Mb
Flavor: r-devel-linux-x86_64-fedora-clang
These binaries (installable software) and packages are in development.
They may not be fully stable and should be used with caution. We make no claims about them.