Last updated on 2024-05-04 01:48:59 CEST.
Flavor | Version | Tinstall | Tcheck | Ttotal | Status | Flags |
---|---|---|---|---|---|---|
r-devel-linux-x86_64-debian-clang | 2.0.0 | 4.05 | 40.85 | 44.90 | NOTE | |
r-devel-linux-x86_64-fedora-clang | 2.0.0 | 60.48 | NOTE | |||
r-devel-linux-x86_64-fedora-gcc | 2.0.0 | 55.81 | NOTE | |||
r-devel-windows-x86_64 | 2.0.0 | 4.00 | 56.00 | 60.00 | OK | |
r-patched-linux-x86_64 | 2.0.0 | 4.77 | 39.84 | 44.61 | NOTE | |
r-release-linux-x86_64 | 2.0.0 | 4.59 | 40.23 | 44.82 | NOTE | |
r-release-macos-arm64 | 2.0.0 | 26.00 | NOTE | |||
r-release-windows-x86_64 | 2.0.0 | 4.00 | 56.00 | 60.00 | OK | |
r-oldrel-macos-arm64 | 2.0.0 | 30.00 | OK | |||
r-oldrel-macos-x86_64 | 2.0.0 | 33.00 | OK | |||
r-oldrel-windows-x86_64 | 2.0.0 | 5.00 | 59.00 | 64.00 | OK |
Version: 2.0.0
Check: package dependencies
Result: NOTE
Package suggested but not available for checking: ‘captioner’
Flavors: r-devel-linux-x86_64-debian-clang, r-devel-linux-x86_64-fedora-clang, r-devel-linux-x86_64-fedora-gcc, r-patched-linux-x86_64, r-release-linux-x86_64, r-release-macos-arm64
These binaries (installable software) and packages are in development.
They may not be fully stable and should be used with caution. We make no claims about them.