Last updated on 2025-10-23 21:51:41 CEST.
Flavor | Version | Tinstall | Tcheck | Ttotal | Status | Flags |
---|---|---|---|---|---|---|
r-devel-linux-x86_64-debian-clang | 0.5-4 | 3.92 | 41.16 | 45.08 | NOTE | |
r-devel-linux-x86_64-debian-gcc | 0.5-4 | 2.71 | 32.89 | 35.60 | NOTE | |
r-devel-linux-x86_64-fedora-clang | 0.5-4 | 14.00 | 57.00 | 71.00 | OK | |
r-devel-linux-x86_64-fedora-gcc | 0.5-4 | 10.00 | 71.00 | 81.00 | OK | |
r-devel-windows-x86_64 | 0.5-4 | 4.00 | 58.00 | 62.00 | OK | |
r-patched-linux-x86_64 | 0.5-4 | 4.46 | 38.68 | 43.14 | OK | |
r-release-linux-x86_64 | 0.5-4 | 3.87 | 38.94 | 42.81 | OK | |
r-release-macos-arm64 | 0.5-4 | 2.00 | 43.00 | 45.00 | OK | |
r-release-macos-x86_64 | 0.5-4 | 4.00 | 70.00 | 74.00 | OK | |
r-release-windows-x86_64 | 0.5-4 | 6.00 | 60.00 | 66.00 | OK | |
r-oldrel-macos-arm64 | 0.5-4 | 2.00 | 41.00 | 43.00 | OK | |
r-oldrel-macos-x86_64 | 0.5-4 | 3.00 | 52.00 | 55.00 | OK | |
r-oldrel-windows-x86_64 | 0.5-4 | 7.00 | 67.00 | 74.00 | OK |
Version: 0.5-4
Check: DESCRIPTION meta-information
Result: NOTE
Author field differs from that derived from Authors@R
Author: ‘George Vega Yon [aut, cre] (<https://orcid.org/0000-0002-3171-0844>), Paul Marjoram [ctb, ths] (<https://orcid.org/0000-0003-0824-7449>), National Cancer Institute (NCI) [fnd] (Grant Number 5P01CA196569-02), Michael Schubert [rev] (JOSS reviewer, <https://orcid.org/0000-0002-6862-5221>), Michel Lang [rev] (JOSS reviewer, <https://orcid.org/0000-0001-9754-0393>)’
Authors@R: ‘George Vega Yon [aut, cre] (ORCID: <https://orcid.org/0000-0002-3171-0844>), Paul Marjoram [ctb, ths] (ORCID: <https://orcid.org/0000-0003-0824-7449>), National Cancer Institute (NCI) [fnd] (Grant Number 5P01CA196569-02), Michael Schubert [rev] (what: JOSS reviewer, ORCID: <https://orcid.org/0000-0002-6862-5221>), Michel Lang [rev] (what: JOSS reviewer, ORCID: <https://orcid.org/0000-0001-9754-0393>)’
Flavors: r-devel-linux-x86_64-debian-clang, r-devel-linux-x86_64-debian-gcc
These binaries (installable software) and packages are in development.
They may not be fully stable and should be used with caution. We make no claims about them.