Last updated on 2024-05-04 01:48:59 CEST.
Flavor | Version | Tinstall | Tcheck | Ttotal | Status | Flags |
---|---|---|---|---|---|---|
r-devel-linux-x86_64-debian-clang | 2.1-6 | 25.51 | 387.10 | 412.61 | OK | |
r-devel-linux-x86_64-fedora-clang | 2.1-6 | 508.58 | NOTE | |||
r-devel-linux-x86_64-fedora-gcc | 2.1-6 | 484.78 | NOTE | |||
r-devel-windows-x86_64 | 2.1-6 | 27.00 | 300.00 | 327.00 | OK | |
r-patched-linux-x86_64 | 2.1-6 | 29.10 | 368.48 | 397.58 | OK | |
r-release-linux-x86_64 | 2.1-6 | 23.84 | 370.67 | 394.51 | OK | |
r-release-macos-arm64 | 2.1-6 | 133.00 | OK | |||
r-release-macos-x86_64 | 2.1-6 | 165.00 | OK | |||
r-release-windows-x86_64 | 2.1-6 | 29.00 | 287.00 | 316.00 | OK | |
r-oldrel-macos-arm64 | 2.1-6 | 119.00 | OK | |||
r-oldrel-macos-x86_64 | 2.1-6 | 152.00 | OK | |||
r-oldrel-windows-x86_64 | 2.1-6 | 33.00 | 378.00 | 411.00 | OK |
Version: 2.1-6
Check: data for non-ASCII characters
Result: NOTE
Note: found 15 marked Latin-1 strings
Note: found 2 marked UTF-8 strings
Flavors: r-devel-linux-x86_64-fedora-clang, r-devel-linux-x86_64-fedora-gcc
These binaries (installable software) and packages are in development.
They may not be fully stable and should be used with caution. We make no claims about them.