Last updated on 2024-05-04 01:49:00 CEST.
Flavor | Version | Tinstall | Tcheck | Ttotal | Status | Flags |
---|---|---|---|---|---|---|
r-devel-linux-x86_64-debian-clang | 2.14.0 | 5.11 | 41.19 | 46.30 | NOTE | |
r-devel-linux-x86_64-fedora-clang | 2.14.0 | 57.92 | NOTE | |||
r-devel-linux-x86_64-fedora-gcc | 2.14.0 | 58.06 | NOTE | |||
r-devel-windows-x86_64 | 2.14.0 | 6.00 | 72.00 | 78.00 | NOTE | |
r-patched-linux-x86_64 | 2.14.0 | 5.11 | 39.50 | 44.61 | NOTE | |
r-release-linux-x86_64 | 2.14.0 | 4.96 | 39.86 | 44.82 | NOTE | |
r-release-macos-arm64 | 2.14.0 | 20.00 | NOTE | |||
r-release-windows-x86_64 | 2.14.0 | 6.00 | 70.00 | 76.00 | NOTE | |
r-oldrel-macos-arm64 | 2.14.0 | 22.00 | NOTE | |||
r-oldrel-macos-x86_64 | 2.14.0 | 30.00 | NOTE | |||
r-oldrel-windows-x86_64 | 2.14.0 | 7.00 | 73.00 | 80.00 | NOTE |
Version: 2.14.0
Check: dependencies in R code
Result: NOTE
There are ::: calls to the package's namespace in its code. A package
almost never needs to use ::: for its own objects:
‘.solveEnv’
Flavors: r-devel-linux-x86_64-debian-clang, r-devel-linux-x86_64-fedora-clang, r-devel-linux-x86_64-fedora-gcc, r-devel-windows-x86_64, r-patched-linux-x86_64, r-release-linux-x86_64, r-release-macos-arm64, r-release-windows-x86_64, r-oldrel-macos-arm64, r-oldrel-macos-x86_64, r-oldrel-windows-x86_64
These binaries (installable software) and packages are in development.
They may not be fully stable and should be used with caution. We make no claims about them.